 - 0 - 12, -3*v - p = -4*b. What is the tens digit of ((-22)/b)/((-2)/64)?
8
Let w be (0 - (2 + -113))*(-2)/(-6). Let i = w + -28. What is the units digit of 0/i - (-1 + 0) - -1?
2
What is the hundreds digit of (-2)/(-4)*((-5)/((-20)/24) - -81016)?
5
Let x(c) = -553*c - 1800. What is the tens digit of x(-13)?
8
Suppose 2*s - 240 = b + 3*b, 0 = 2*b + 3*s + 104. Let i = -35 - b. What is the tens digit of (3 + i - 1) + 2?
2
What is the ten thousands digit of 9999576/117 + 63/117 + -1?
8
Let z = 24 + -20. Let x = 6 - z. What is the units digit of -35*(-2 + x - 1)?
5
Suppose 5*j = 5, -5*j - 41474 = -3*g + 83024. What is the units digit of g?
1
Let k be (-10)/15*6 + -2. Let b(h) = -22*h - 2. Let d be b(k). Suppose 7*l = d - 4. What is the units digit of l?
8
Let j(o) = o**3 + 3*o**2 + 13*o - 2. Suppose -7 = 3*m + 5, 3*x - 27 = 3*m. What is the tens digit of j(x)?
6
Let n(r) = -3407*r - 3696. What is the tens digit of n(-8)?
6
Suppose 112*s - 490700 = 246426 - 157414. What is the units digit of s?
6
Let k be 85/34*16/10. Suppose -4*v = -k*l - 2528, 22*v - 617 = 21*v - 2*l. What is the tens digit of v?
2
Let s(z) = -29*z. Let h(x) = -69*x + 1. Let c be h(4). Let m(g) = 2000*g. Let p(w) = c*s(w) - 4*m(w). What is the units digit of p(-3)?
5
Let r be -14 + (15 - -1) + -66. Let d be 1/(2/(-48)*-1). Let t = d - r. What is the units digit of t?
8
Let d = 2161 + 5637. What is the tens digit of d?
9
Let x(w) = 10*w - 7. Let y be x(2). Suppose 5*d = 2*n + 19, 3 = -3*n + 5*d - y. Suppose -n*q + 272 - 10 = -5*s, s - 334 = -4*q. What is the units digit of q?
4
Suppose l + 217 = 57. Let i be (-9 + l)*2/2. Let j = 295 + i. What is the units digit of j?
6
Suppose 146976 - 1507627 = -34*y + 16213. What is the units digit of y?
6
Let r = 395 - 393. What is the hundreds digit of 1*143 - (14 + -7 - r)?
1
Suppose 1066327 - 6947 = 47*a. What is the thousands digit of a?
2
Let j be (20/(-8))/((-2)/524). Suppose 113 = h - 4*k, k - j = -5*h + 3*k. What is the hundreds digit of h?
1
What is the thousands digit of 9343 - 19 - 6*3/(-3)?
9
Suppose -51*s = 4*u - 48*s - 115849, 5*s + 25 = 0. What is the tens digit of u?
6
Let o(i) = -39*i - 96. Let v(h) = -26*h - 64. Let y(g) = -5*o(g) + 7*v(g). Let z be y(-10). Let k = 68 - z. What is the units digit of k?
6
Suppose -70*y + 69*y + 2*d = -85765, 685960 = 8*y + 4*d. What is the tens digit of y?
4
Let w = 140 - 105. Let d be (-14)/w*20/2 - -6. What is the hundreds digit of 8/(-8)*(-420)/d?
2
Let n = -74 + 74. Suppose -54*j + 56*j - 5174 = n. Suppose -j = -11*t - 519. What is the tens digit of t?
8
Let o(l) = -3*l**2 - 66*l**3 + 11*l + 0*l**2 - 7*l**2 + 71*l**3 + 19 + 2*l. What is the tens digit of o(7)?
3
Let a(g) = 5*g**2 + 2*g + 1. Let q be a(-1). Suppose -39 = -q*f + 5*h, -11 - 4 = -3*h. What is the units digit of 117 - f - (-2)/(-1)?
9
Suppose -2*z = -5*m + 2826, -4*z + 1173 = -4*m + 3429. Let a = m - 382. What is the units digit of a?
4
What is the tens digit of (-76)/114*39186/(-4)?
3
Suppose 0 = -426*c + 421*c + 244575. What is the thousands digit of c?
8
Suppose -56 = 3*n - 101. Suppose -n = -3*x - 3. Suppose 5*p + 4*m = 80, p - 4*p + x*m = -80. What is the units digit of p?
0
Let k = 47 + -45. Suppose k*m = 13 - 5. Suppose -4*o - 8 = 0, n = m*o + 6 + 8. What is the units digit of n?
6
Suppose -5*h = 5*g - 385, 4*h = 2*g - h - 126. Let f = g - 68. Suppose -q = f*q - 18. What is the units digit of q?
3
Let h(a) be the third derivative of 3*a**6/40 - a**5/30 - a**4/8 - a**3/6 - 21*a**2. Let g(r) be the first derivative of h(r). What is the tens digit of g(-2)?
1
Let g = 82 + -23. Let v = g - 42. Suppose w - 16 = v. What is the units digit of w?
3
Let z(y) = 1809*y**2 - 178*y + 553. What is the units digit of z(3)?
0
Suppose 5*o - 280 = -3*o. Let x = 38 - o. Suppose 0 = x*m - 10*m + 602. What is the units digit of m?
6
Let d = 5827 - -1242. What is the tens digit of d?
6
Let n(c) = 3583*c + 944. What is the thousands digit of n(6)?
2
Suppose 0 = 30*k - 37*k + 14. Suppose 0 = -5*t - k*g + 472, 2*t = -2*g + 136 + 54. What is the tens digit of t?
9
Let c = 117538 + -42663. What is the units digit of c?
5
Let c be -9627*(-7 - (-140)/21). Let y = c + -1857. What is the thousands digit of y?
1
Suppose 0 = -112*w - w - 124*w + 2280651. What is the units digit of w?
3
Let g = 522 + -518. What is the thousands digit of (1070 - -13) + (-1 - g - 0)?
1
Let p(i) be the second derivative of i**4/2 - 7*i**3/6 + 37*i**2/2 - 44*i. Let m be p(-9). Suppose 4*c - m = 450. What is the units digit of c?
9
Let h(g) = -4 + 101 - 43*g + 6*g - 8*g + 0*g. What is the tens digit of h(-9)?
0
Suppose -5*f + 19 = -3*f + 3*b, -24 = -3*f - 3*b. Suppose -5*a + 838 + 997 = -4*w, -a + f*w = -367. What is the hundreds digit of a?
3
Suppose -4*f + 5*i + 5359 = 0, 0 = f - 4*i - 1332 - 5. What is the thousands digit of f?
1
Suppose 2*o = 37 - 181. Let i = o + 119. What is the tens digit of i?
4
Let b = 4458 + -2857. Let o = b - 1097. What is the hundreds digit of o?
5
Let r(o) be the third derivative of o**6/60 + 41*o**5/60 - 11*o**4/12 - 13*o**3/6 + 5*o**2. Let f be r(-21). What is the units digit of f*(-20)/(-15) + (-2)/3?
0
Let o(g) = 3*g**3 + 4*g**2 + 3*g - 8. Let i be o(4). Let v = 414 + -584. Let j = i + v. What is the units digit of j?
0
Let u = 107 - 104. Suppose -u*h = -2365 + 727. What is the tens digit of h?
4
Suppose -11*c = -7*c - 24. Suppose -44*v = -42*v - c. Suppose v*i = 7*i + 2*x - 120, -3*i + 4*x = -68. What is the tens digit of i?
2
Suppose -12*m - 287 + 827 = 0. Suppose 26*f + 1197 = m*f. What is the units digit of f?
3
Let s be 1/(1/(-2)) - -6. Let y(q) = 45*q**2 - 4*q - 14. What is the units digit of y(s)?
0
Let r = 43064 + -19448. What is the tens digit of r?
1
Suppose -6*l - 5231 + 78959 = 0. Suppose 6*j = 14*j - l. What is the units digit of j?
6
Let x be -1 + -3 + -3*4/(-12). Let b be (-481)/(-78) + x/(16 + 2). Suppose 0 = -b*p + 4*p + 42. What is the tens digit of p?
2
Suppose -2*f - 68 = 5*r + 46, 2*r + 45 = -f. Let l = -51 - r. What is the tens digit of (-2)/(-9) - 4098/l?
5
Suppose -598 + 3802 = -4*g. Let z = g + 2035. What is the units digit of 8/5 - 2 - z/(-10)?
3
Suppose 0 = -34*o + 32*o - 12. Let w(g) = 11*g**2 - g + 3. What is the units digit of w(o)?
5
Suppose 0 = -2*i + 3*m - 53, -5*m + 37 = 12. Suppose -10*n + 7*n + 282 = 0. Let b = i + n. What is the tens digit of b?
7
Let q(j) = -11495*j**3 + j**2 + 18*j + 17. What is the ten thousands digit of q(-1)?
1
Suppose -111 = -3*g + 9. Suppose -3*d = -4*v - 45 - g, 0 = 4*d - 5*v - 114. Let r = 79 - d. What is the tens digit of r?
4
Let x(q) = 2*q**3 - 5*q**2 + 5*q + 4. Let k be x(3). Suppose -29*p + k*p - 2 = 0. Let b(g) = -13*g**3 + 6*g + 7. What is the units digit of b(p)?
9
What is the hundreds digit of (-8 + (-203259)/(-14))/(15/30)?
0
Let z = 9817 + -2294. What is the units digit of z?
3
Let j(l) = -172*l**3 - 3*l**2 - 13*l + 14. Let y be j(6). Let g be y/68 + 14/(-119). Let n = g - -793. What is the units digit of n?
4
Suppose -5*m - 631 = -1. Let a be (-1854)/m + (-4)/(-14). Let v = a - -22. What is the tens digit of v?
3
Suppose 17*t - 111 = 14*t. Let j = -2 + t. Suppose -5*r + i = -4*i - j, -3*r + 6 = 2*i. What is the units digit of r?
4
Let f(c) = c**2 - 14*c + 4. Let r be f(14). Suppose -4*h - 6 = -3*x + r, -5*x + 4*h = -22. What is the tens digit of 4/x - (-708)/18?
4
Suppose -2*c = c - 198. Let t be (-252)/(-56) + ((-15)/6 - -2). What is the tens digit of 1/(((-265)/c)/(-1) - t)?
6
Let i(o) = -o**2 - 11*o + 15. Let w be (3/(-1))/((-7)/(-28)). Let h be i(w). Suppose -3*z + 3*g = -138, 0*g - h*g = -5*z + 234. What is the units digit of z?
8
What is the thousands digit of (187/22 + -7)*185480/15?
8
Suppose -5*s - 7*i + 5*i = -10167, -4*i - 6069 = -3*s. What is the tens digit of s?
3
Let o(a) = -a**3 - 11*a**2 - 14*a + 40. Let d be o(-9). Let t(h) = 8*h**2 - 2*h + 6 - 3*h**2 + 1. What is the tens digit of t(d)?
7
Let d be ((-1)/((-28)/(-48)))/(3/2478). Let s = d + 2087. What is the tens digit of s?
7
Let x(q) = -158*q**3 + 12*q**2 + 29*q + 1. What is the units digit of x(-4)?
9
Let x = 5837 - -24737. What is the thousands digit of x?
0
Let i be -883 + (-3 + 2)*(-1 + 1). Let q = 1944 + i. What is the thousands digit of q?
1
Let v = 30098 - -19982. What is the tens digit 